of 149?
False
Is 77 a factor of 727111?
True
Is 794 a factor of 445979?
False
Is 16 a factor of 1081978?
False
Is 76 a factor of 2168666?
False
Is 275869 a multiple of 4?
False
Is 41 a factor of 4674?
True
Is 617 a factor of 1199448?
True
Does 445 divide 53400?
True
Is 102 a factor of 84864?
True
Does 291 divide 5780244?
False
Is 3271079 a multiple of 407?
False
Does 17 divide 3055?
False
Is 5339175 a multiple of 422?
False
Is 150 a factor of 9760050?
True
Is 71 a factor of 248049?
False
Is 204960 a multiple of 6?
True
Does 133 divide 1581237?
True
Is 23757744 a multiple of 17?
False
Is 11 a factor of 1361261?
True
Does 19 divide 6458974?
True
Does 378 divide 1398978?
True
Is 331 a factor of 1487845?
True
Is 2767905 a multiple of 44?
False
Does 191 divide 172473?
True
Does 340 divide 106866?
False
Is 1804545 a multiple of 53?
False
Is 6791240 a multiple of 164?
True
Is 183 a factor of 378829?
False
Does 304 divide 265088?
True
Is 40052 a multiple of 31?
True
Is 27087 a multiple of 43?
False
Does 105 divide 2351056?
False
Is 19 a factor of 1419251?
False
Is 2520217 a multiple of 148?
False
Is 253 a factor of 831712?
False
Is 332112 a multiple of 68?
True
Does 61 divide 64480?
False
Is 4848610 a multiple of 19?
True
Is 1307090 a multiple of 115?
True
Is 203498 a multiple of 35?
False
Does 9 divide 4441?
False
Is 2748963 a multiple of 553?
True
Does 436 divide 275116?
True
Is 110 a factor of 434892?
False
Is 1195355 a multiple of 41?
True
Does 290 divide 2610161?
False
Is 182336 a multiple of 32?
True
Is 6 a factor of 1686?
True
Is 184 a factor of 3654976?
True
Does 375 divide 69439?
False
Does 16 divide 5040?
True
Is 102582 a multiple of 246?
True
Does 148 divide 2866016?
False
Is 21702254 a multiple of 19?
False
Is 168 a factor of 81144?
True
Is 56154 a multiple of 42?
True
Is 108 a factor of 6828022?
False
Is 68134 a multiple of 19?
True
Is 589 a factor of 3880921?
True
Does 127 divide 55245?
True
Is 5280 a multiple of 10?
True
Does 8 divide 32508?
False
Is 335 a factor of 6738857?
False
Is 183 a factor of 566791?
False
Is 112707 a multiple of 4?
False
Does 141 divide 275120?
False
Does 50 divide 4503276?
False
Does 10 divide 10360?
True
Does 52 divide 211667?
False
Is 14948820 a multiple of 180?
True
Is 25 a factor of 348006?
False
Is 2202662 a multiple of 77?
True
Is 1327143 a multiple of 14?
False
Is 340241 a multiple of 451?
False
Does 73 divide 54896?
True
Does 78 divide 213159?
False
Does 14 divide 233898?
True
Is 2722830 a multiple of 15?
True
Is 7777636 a multiple of 49?
False
Does 166 divide 2415795?
False
Is 148162 a multiple of 19?
True
Is 12 a factor of 35165?
False
Is 210491 a multiple of 47?
False
Is 7 a factor of 2266555?
False
Is 809760 a multiple of 1467?
False
Is 322021 a multiple of 27?
False
Does 49 divide 23042513?
False
Is 2189343 a multiple of 39?
True
Is 7 a factor of 16254?
True
Does 72 divide 338184?
True
Is 418880 a multiple of 119?
True
Is 45360 a multiple of 20?
True
Does 81 divide 90929?
False
Does 19 divide 79629?
True
Is 178080 a multiple of 80?
True
Does 222 divide 222139?
False
Is 471884 a multiple of 512?
False
Is 80 a factor of 208960?
True
Does 11 divide 91806?
True
Is 96225 a multiple of 257?
False
Is 265237 a multiple of 7?
True
Is 5096391 a multiple of 74?
False
Is 29 a factor of 399968?
True
Is 23536206 a multiple of 211?
True
Is 28 a factor of 74144?
True
Is 52875 a multiple of 3?
True
Is 43610 a multiple of 5?
True
Is 6 a factor of 82787?
False
Is 14394702 a multiple of 913?
False
Is 2232517 a multiple of 301?
True
Is 15881 a multiple of 182?
False
Does 7 divide 29561?
True
Is 120707 a multiple of 19?
True
Is 473029 a multiple of 31?
True
Is 124 a factor of 4007308?
True
Is 8 a factor of 388197?
False
Does 42 divide 855999?
False
Does 122 divide 29045?
False
Is 19 a factor of 115004?
False
Does 74 divide 16103?
False
Is 234 a factor of 35334?
True
Does 65 divide 586557?
False
Is 221 a factor of 271494?
False
Is 174647 a multiple of 14?
False
Does 39 divide 111852?
True
Does 10 divide 3883830?
True
Is 2420808 a multiple of 13?
True
Is 132512 a multiple of 32?
True
Does 52 divide 19476548?
True
Is 31 a factor of 4813892?
False
Is 3733 a multiple of 2?
False
Does 4 divide 214980?
True
Is 23 a factor of 374038?
False
Is 242 a factor of 4270510?
False
Is 42 a factor of 211680?
True
Does 83 divide 1093269?
False
Is 686 a factor of 1637482?
True
Is 17 a factor of 2941454?
False
Is 5 a factor of 6328610?
True
Is 1820 a multiple of 14?
True
Does 86 divide 412800?
True
Is 98127 a multiple of 6?
False
Is 320456 a multiple of 6?
False
Does 98 divide 68502?
True
Is 340296 a multiple of 132?
True
Does 107 divide 237858?
False
Does 16 divide 4977743?
False
Is 13 a factor of 4720196?
True
Is 42780 a multiple of 115?
True
Is 4192726 a multiple of 467?
True
Is 70 a factor of 1777958?
False
Is 15 a factor of 446226?
False
Does 19 divide 179430?
False
Is 4 a factor of 340724?
True
Does 12 divide 92451?
False
Is 91397 a multiple of 60?
False
Is 418 a factor of 16510378?
False
Is 56 a factor of 287168?
True
Is 124458 a multiple of 19?
False
Is 65 a factor of 1075523?
False
Is 420899 even?
False
Does 31 divide 39473?
False
Is 61 a factor of 6354886?
False
Is 7 a factor of 73153?
False
Is 27 a factor of 736165?
False
Is 1364930 a multiple of 238?
True
Does 209 divide 180367?
True
Does 14 divide 1370738?
False
Is 28 a factor of 517149?
False
Does 12 divide 363569?
False
Is 813 a factor of 1512993?
True
Does 88 divide 16010?
False
Does 6 divide 7295718?
True
Is 10 a factor of 55330?
True
Is 618512 a multiple of 29?
True
Is 828754 a multiple of 252?
False
Is 40 a factor of 87161?
False
Does 243 divide 591981?
False
Is 571 a factor of 448955?
False
Is 1083236 a multiple of 28?
True
Is 342111 a multiple of 77?
True
Is 29 a factor of 142080?
False
Is 1731265 a multiple of 47?
False
Does 75 divide 124050?
True
Does 1100 divide 17849700?
True
Does 16 divide 11253?
False
Is 34 a factor of 21119?
False
Does 47 divide 17719?
True
Is 3636 a multiple of 11?
False
Does 6 divide 297825?
False
Does 4 divide 326533?
False
Does 13 divide 2989844?
True
Does 5 divide 2036901?
False
Does 84 divide 3222408?
True
Does 10 divide 149090?
True
Is 245 a factor of 4158865?
False
Does 255 divide 1155150?
True
Does 2 divide 3800?
True
Does 9 divide 1213707?
False
Is 11 a factor of 419320?
True
Does 6 divide 720384?
True
Does 86 divide 213882?
True
Is 35209 a multiple of 137?
True
Is 84 a factor of 534192?
False
Does 68 divide 3580336?
True
Does 284 divide 66659?
False
Does 14 divide 3685080?
True
Is 196507 a multiple of 47?
True
Is 411816 a multiple of 401?
False
Does 45 divide 340785?
True
Is 3169884 a multiple of 228?
True
Is 80 a factor of 5079520?
True
Is 5 a factor of 42485?
True
Is 903 a factor of 1593795?
True
Does 680 divide 657560?
True
Is 129 a factor of 475594?
False
Is 243 a factor of 303996?
False
Is 135 a factor of 23942?
False
Is 181962 a multiple of 66?
True
Is 14658 a multiple of 42?
True
Does 848 divide 29199?
False
Is 235698 a multiple of 123?
False
Is 3870 a multiple of 645?
True
Is 4 a factor of 15135?
False
Is 1054550 a multiple of 131?
True
Is 4205955 a multiple of 15?
True
Is 280 a multiple of 70?
True
Is 855740 a multiple of 5?
True
Is 9 a factor of 1979?
False
Is 327 a factor of 1068079?
False
Is 174856 a multiple of 4?
True
Is 80 a factor of 1108720?
True
Is 573788 a multiple of 53?
False
Is 163012 a multiple of 52?
False
Is 1402 a factor of 14090738?
False
Does 2 divide 17818?
True
Does 10 divide 8648270?
True
Does 4 divide 800149?
False
Does 75 divide 3690825?
True
Is 877310 a multiple of 83?
True
Is 63 a factor of 586281?
False
Does 25 divide 58150?
True
Does 15 divide 223903?
False
Is 357841 a multiple of 77?
False
Does 25 divide 448085?
False
Is 2063953 a multiple of 17?
True
Is 141 a factor of 1347255?
True
Is 373405 a multiple of 23?
True
Is 27269138 a multiple of 26?
True
Does 45 divide 3443?
False
Is 77917 even?
False
Is 208225 a multiple of 25?
True
Is 544705 a multiple of 16?
False
Does 106 divide 341956?
True
Is 200 a factor of 242600?
True
Does 7 divide 3338426?
True
Is 28722772 a multiple of 408?
False
Is 19 a factor of 167637?
True
Is 18851 a multiple of 59?
False
Is 34824 a multiple of 6?
True
Is 10761 a mu